{"id":311,"date":"2017-07-14T13:22:33","date_gmt":"2017-07-14T13:22:33","guid":{"rendered":"http:\/\/bib-facts.barra-is-barra.de\/?page_id=311"},"modified":"2017-07-18T09:34:28","modified_gmt":"2017-07-18T09:34:28","slug":"warum-tun-wir-es","status":"publish","type":"page","link":"https:\/\/bib-facts.barra-is-barra.de\/?page_id=311","title":{"rendered":"Warum tun wir es?"},"content":{"rendered":"<p>Wir sind der \u00dcberzeugung, dass mit wenig Einsatz aber im richtigen Moment und an der richtigen Stelle Misserfolge und negative Entwicklungen in Erfolg umgewandelt werden k\u00f6nnen. Oft sind diese negativen Ereignisse auf Missverst\u00e4ndnisse zur\u00fcckzuf\u00fchren. Falsche Perzeptionen generieren meist \u00c4ngste, die dann in Aggression m\u00fcnden und falsche Entscheidungen generieren. Die Einsamkeit der Entscheidungstr\u00e4ger und der Bedarf an Sparringpartner sind uns bekannt. Die L\u00f6sungen sind meist schon vorhanden, sie werden aber aus falschen Erwartungen und Priorisierungen kaum wahrgenommen.<\/p>\n<p>In einer Welt, wo stets eine Diktatur der Gr\u00fcnde \u00fcber Ziele herrscht, ist der Mut gefragt. Es ist der heute so typische Sieg der kurzfristigen Taktik \u00fcber die langfristige <a href=\"http:\/\/bib-facts.barra-is-barra.de\/wp-admin\/post.php?post=376&amp;action=edit\">Strategie<\/a>. Ob ein Unternehmen gro\u00df oder klein, ob die Lenker selbst eine Vision haben oder sich nur kurzfristige Ziele setzen und erreichen<strong>, <\/strong>ist egal. Es ist aber nicht egal Mut oder keinen Mut zu besitzen f\u00fcr einen nachhaltigen Erfolg. Oft reicht nur ein kleiner Impuls, um den Geist wieder zu erwecken. Daf\u00fcr sind wir da, das wollen wir mit unserer Arbeit \u00e4ndern.<\/p>\n","protected":false},"excerpt":{"rendered":"<p>Wir sind der \u00dcberzeugung, dass mit wenig Einsatz aber im richtigen Moment und an der richtigen Stelle Misserfolge und negative Entwicklungen in Erfolg umgewandelt werden k\u00f6nnen. Oft sind diese negativen Ereignisse auf Missverst\u00e4ndnisse zur\u00fcckzuf\u00fchren. Falsche Perzeptionen generieren meist \u00c4ngste, die dann in Aggression m\u00fcnden und falsche Entscheidungen generieren. Die Einsamkeit der Entscheidungstr\u00e4ger und der Bedarf &hellip; <\/p>\n<p class=\"link-more\"><a href=\"https:\/\/bib-facts.barra-is-barra.de\/?page_id=311\" class=\"more-link\"><span class=\"screen-reader-text\">\u201eWarum tun wir es?\u201c<\/span> weiterlesen<\/a><\/p>\n","protected":false},"author":1,"featured_media":0,"parent":108,"menu_order":0,"comment_status":"closed","ping_status":"closed","template":"","meta":[],"_links":{"self":[{"href":"https:\/\/bib-facts.barra-is-barra.de\/index.php?rest_route=\/wp\/v2\/pages\/311"}],"collection":[{"href":"https:\/\/bib-facts.barra-is-barra.de\/index.php?rest_route=\/wp\/v2\/pages"}],"about":[{"href":"https:\/\/bib-facts.barra-is-barra.de\/index.php?rest_route=\/wp\/v2\/types\/page"}],"author":[{"embeddable":true,"href":"https:\/\/bib-facts.barra-is-barra.de\/index.php?rest_route=\/wp\/v2\/users\/1"}],"replies":[{"embeddable":true,"href":"https:\/\/bib-facts.barra-is-barra.de\/index.php?rest_route=%2Fwp%2Fv2%2Fcomments&post=311"}],"version-history":[{"count":5,"href":"https:\/\/bib-facts.barra-is-barra.de\/index.php?rest_route=\/wp\/v2\/pages\/311\/revisions"}],"predecessor-version":[{"id":478,"href":"https:\/\/bib-facts.barra-is-barra.de\/index.php?rest_route=\/wp\/v2\/pages\/311\/revisions\/478"}],"up":[{"embeddable":true,"href":"https:\/\/bib-facts.barra-is-barra.de\/index.php?rest_route=\/wp\/v2\/pages\/108"}],"wp:attachment":[{"href":"https:\/\/bib-facts.barra-is-barra.de\/index.php?rest_route=%2Fwp%2Fv2%2Fmedia&parent=311"}],"curies":[{"name":"wp","href":"https:\/\/api.w.org\/{rel}","templated":true}]}}